{"id":625,"date":"2023-11-03T12:41:03","date_gmt":"2023-11-03T12:41:03","guid":{"rendered":"https:\/\/www.kotikaksi.fi\/?post_type=product&#038;p=625"},"modified":"2023-11-28T12:10:39","modified_gmt":"2023-11-28T12:10:39","slug":"pellettia-70sakki-lava","status":"publish","type":"product","link":"http:\/\/www.kotikaksi.fi\/?product=pellettia-70sakki-lava","title":{"rendered":"Pelletti\u00e4  70s\u00e4kki, lava"},"content":{"rendered":"<p>Ukrainassa valmistettua pelletti\u00e4 70s\u00e4kki\u00e4<\/p>\n","protected":false},"excerpt":{"rendered":"<p>Ukrainassa valmistettua pelletti\u00e4 70s\u00e4kki\u00e4<\/p>\n","protected":false},"featured_media":626,"template":"","meta":[],"product_brand":[],"product_cat":[73],"product_tag":[106,105,102,103,107,104],"class_list":{"0":"post-625","1":"product","2":"type-product","3":"status-publish","4":"has-post-thumbnail","6":"product_cat-pelletti-pellettitakka-pellettikattila-pellettiuuni-pellettipolttimo","7":"product_tag-kuivikepelletti","8":"product_tag-lammityspelletti","9":"product_tag-pelletti","10":"product_tag-pellettia","11":"product_tag-pellettilava","12":"product_tag-puupelletti","14":"first","15":"instock","16":"taxable","17":"shipping-taxable","18":"purchasable","19":"product-type-simple"},"yoast_head":"<!-- This site is optimized with the Yoast SEO plugin v25.6 - https:\/\/yoast.com\/wordpress\/plugins\/seo\/ -->\n<title>Pelletti\u00e4 70s\u00e4kki, lava - Kotikaksi verkkokauppa<\/title>\n<meta name=\"robots\" content=\"index, follow, max-snippet:-1, max-image-preview:large, max-video-preview:-1\" \/>\n<link rel=\"canonical\" href=\"https:\/\/www.kotikaksi.fi\/?product=pellettia-70sakki-lava\" \/>\n<meta property=\"og:locale\" content=\"fi_FI\" \/>\n<meta property=\"og:type\" content=\"article\" \/>\n<meta property=\"og:title\" content=\"Pelletti\u00e4 70s\u00e4kki, lava - Kotikaksi verkkokauppa\" \/>\n<meta property=\"og:description\" content=\"Ukrainassa valmistettua pelletti\u00e4 70s\u00e4kki\u00e4\" \/>\n<meta property=\"og:url\" content=\"https:\/\/www.kotikaksi.fi\/?product=pellettia-70sakki-lava\" \/>\n<meta property=\"og:site_name\" content=\"Kotikaksi verkkokauppa\" \/>\n<meta property=\"article:modified_time\" content=\"2023-11-28T12:10:39+00:00\" \/>\n<meta property=\"og:image\" content=\"https:\/\/www.kotikaksi.fi\/wp-content\/uploads\/2023\/11\/20230912_1103258014-scaled.jpg\" \/>\n\t<meta property=\"og:image:width\" content=\"1677\" \/>\n\t<meta property=\"og:image:height\" content=\"2560\" \/>\n\t<meta property=\"og:image:type\" content=\"image\/jpeg\" \/>\n<meta name=\"twitter:card\" content=\"summary_large_image\" \/>\n<meta name=\"twitter:label1\" content=\"Arvioitu lukuaika\" \/>\n\t<meta name=\"twitter:data1\" content=\"1 minuutti\" \/>\n<script type=\"application\/ld+json\" class=\"yoast-schema-graph\">{\"@context\":\"https:\/\/schema.org\",\"@graph\":[{\"@type\":\"WebPage\",\"@id\":\"https:\/\/www.kotikaksi.fi\/?product=pellettia-70sakki-lava\",\"url\":\"https:\/\/www.kotikaksi.fi\/?product=pellettia-70sakki-lava\",\"name\":\"Pelletti\u00e4 70s\u00e4kki, lava - Kotikaksi verkkokauppa\",\"isPartOf\":{\"@id\":\"https:\/\/www.kotikaksi.fi\/#website\"},\"primaryImageOfPage\":{\"@id\":\"https:\/\/www.kotikaksi.fi\/?product=pellettia-70sakki-lava#primaryimage\"},\"image\":{\"@id\":\"https:\/\/www.kotikaksi.fi\/?product=pellettia-70sakki-lava#primaryimage\"},\"thumbnailUrl\":\"http:\/\/www.kotikaksi.fi\/wp-content\/uploads\/2023\/11\/20230912_1103258014-scaled.jpg\",\"datePublished\":\"2023-11-03T12:41:03+00:00\",\"dateModified\":\"2023-11-28T12:10:39+00:00\",\"breadcrumb\":{\"@id\":\"https:\/\/www.kotikaksi.fi\/?product=pellettia-70sakki-lava#breadcrumb\"},\"inLanguage\":\"fi\",\"potentialAction\":[{\"@type\":\"ReadAction\",\"target\":[\"https:\/\/www.kotikaksi.fi\/?product=pellettia-70sakki-lava\"]}]},{\"@type\":\"ImageObject\",\"inLanguage\":\"fi\",\"@id\":\"https:\/\/www.kotikaksi.fi\/?product=pellettia-70sakki-lava#primaryimage\",\"url\":\"http:\/\/www.kotikaksi.fi\/wp-content\/uploads\/2023\/11\/20230912_1103258014-scaled.jpg\",\"contentUrl\":\"http:\/\/www.kotikaksi.fi\/wp-content\/uploads\/2023\/11\/20230912_1103258014-scaled.jpg\",\"width\":1677,\"height\":2560},{\"@type\":\"BreadcrumbList\",\"@id\":\"https:\/\/www.kotikaksi.fi\/?product=pellettia-70sakki-lava#breadcrumb\",\"itemListElement\":[{\"@type\":\"ListItem\",\"position\":1,\"name\":\"Etusivu\",\"item\":\"https:\/\/www.kotikaksi.fi\/\"},{\"@type\":\"ListItem\",\"position\":2,\"name\":\"Kauppa\",\"item\":\"https:\/\/www.kotikaksi.fi\/?page_id=10\"},{\"@type\":\"ListItem\",\"position\":3,\"name\":\"Pelletti\u00e4 70s\u00e4kki, lava\"}]},{\"@type\":\"WebSite\",\"@id\":\"https:\/\/www.kotikaksi.fi\/#website\",\"url\":\"https:\/\/www.kotikaksi.fi\/\",\"name\":\"Kotikaksi verkkokauppa\",\"description\":\"Parempaa l&auml;mp&ouml;&auml; kotiin\",\"potentialAction\":[{\"@type\":\"SearchAction\",\"target\":{\"@type\":\"EntryPoint\",\"urlTemplate\":\"https:\/\/www.kotikaksi.fi\/?s={search_term_string}\"},\"query-input\":{\"@type\":\"PropertyValueSpecification\",\"valueRequired\":true,\"valueName\":\"search_term_string\"}}],\"inLanguage\":\"fi\"}]}<\/script>\n<!-- \/ Yoast SEO plugin. -->","yoast_head_json":{"title":"Pelletti\u00e4 70s\u00e4kki, lava - Kotikaksi verkkokauppa","robots":{"index":"index","follow":"follow","max-snippet":"max-snippet:-1","max-image-preview":"max-image-preview:large","max-video-preview":"max-video-preview:-1"},"canonical":"https:\/\/www.kotikaksi.fi\/?product=pellettia-70sakki-lava","og_locale":"fi_FI","og_type":"article","og_title":"Pelletti\u00e4 70s\u00e4kki, lava - Kotikaksi verkkokauppa","og_description":"Ukrainassa valmistettua pelletti\u00e4 70s\u00e4kki\u00e4","og_url":"https:\/\/www.kotikaksi.fi\/?product=pellettia-70sakki-lava","og_site_name":"Kotikaksi verkkokauppa","article_modified_time":"2023-11-28T12:10:39+00:00","og_image":[{"width":1677,"height":2560,"url":"https:\/\/www.kotikaksi.fi\/wp-content\/uploads\/2023\/11\/20230912_1103258014-scaled.jpg","type":"image\/jpeg"}],"twitter_card":"summary_large_image","twitter_misc":{"Arvioitu lukuaika":"1 minuutti"},"schema":{"@context":"https:\/\/schema.org","@graph":[{"@type":"WebPage","@id":"https:\/\/www.kotikaksi.fi\/?product=pellettia-70sakki-lava","url":"https:\/\/www.kotikaksi.fi\/?product=pellettia-70sakki-lava","name":"Pelletti\u00e4 70s\u00e4kki, lava - Kotikaksi verkkokauppa","isPartOf":{"@id":"https:\/\/www.kotikaksi.fi\/#website"},"primaryImageOfPage":{"@id":"https:\/\/www.kotikaksi.fi\/?product=pellettia-70sakki-lava#primaryimage"},"image":{"@id":"https:\/\/www.kotikaksi.fi\/?product=pellettia-70sakki-lava#primaryimage"},"thumbnailUrl":"http:\/\/www.kotikaksi.fi\/wp-content\/uploads\/2023\/11\/20230912_1103258014-scaled.jpg","datePublished":"2023-11-03T12:41:03+00:00","dateModified":"2023-11-28T12:10:39+00:00","breadcrumb":{"@id":"https:\/\/www.kotikaksi.fi\/?product=pellettia-70sakki-lava#breadcrumb"},"inLanguage":"fi","potentialAction":[{"@type":"ReadAction","target":["https:\/\/www.kotikaksi.fi\/?product=pellettia-70sakki-lava"]}]},{"@type":"ImageObject","inLanguage":"fi","@id":"https:\/\/www.kotikaksi.fi\/?product=pellettia-70sakki-lava#primaryimage","url":"http:\/\/www.kotikaksi.fi\/wp-content\/uploads\/2023\/11\/20230912_1103258014-scaled.jpg","contentUrl":"http:\/\/www.kotikaksi.fi\/wp-content\/uploads\/2023\/11\/20230912_1103258014-scaled.jpg","width":1677,"height":2560},{"@type":"BreadcrumbList","@id":"https:\/\/www.kotikaksi.fi\/?product=pellettia-70sakki-lava#breadcrumb","itemListElement":[{"@type":"ListItem","position":1,"name":"Etusivu","item":"https:\/\/www.kotikaksi.fi\/"},{"@type":"ListItem","position":2,"name":"Kauppa","item":"https:\/\/www.kotikaksi.fi\/?page_id=10"},{"@type":"ListItem","position":3,"name":"Pelletti\u00e4 70s\u00e4kki, lava"}]},{"@type":"WebSite","@id":"https:\/\/www.kotikaksi.fi\/#website","url":"https:\/\/www.kotikaksi.fi\/","name":"Kotikaksi verkkokauppa","description":"Parempaa l&auml;mp&ouml;&auml; kotiin","potentialAction":[{"@type":"SearchAction","target":{"@type":"EntryPoint","urlTemplate":"https:\/\/www.kotikaksi.fi\/?s={search_term_string}"},"query-input":{"@type":"PropertyValueSpecification","valueRequired":true,"valueName":"search_term_string"}}],"inLanguage":"fi"}]}},"_links":{"self":[{"href":"http:\/\/www.kotikaksi.fi\/index.php?rest_route=\/wp\/v2\/product\/625"}],"collection":[{"href":"http:\/\/www.kotikaksi.fi\/index.php?rest_route=\/wp\/v2\/product"}],"about":[{"href":"http:\/\/www.kotikaksi.fi\/index.php?rest_route=\/wp\/v2\/types\/product"}],"wp:featuredmedia":[{"embeddable":true,"href":"http:\/\/www.kotikaksi.fi\/index.php?rest_route=\/wp\/v2\/media\/626"}],"wp:attachment":[{"href":"http:\/\/www.kotikaksi.fi\/index.php?rest_route=%2Fwp%2Fv2%2Fmedia&parent=625"}],"wp:term":[{"taxonomy":"product_brand","embeddable":true,"href":"http:\/\/www.kotikaksi.fi\/index.php?rest_route=%2Fwp%2Fv2%2Fproduct_brand&post=625"},{"taxonomy":"product_cat","embeddable":true,"href":"http:\/\/www.kotikaksi.fi\/index.php?rest_route=%2Fwp%2Fv2%2Fproduct_cat&post=625"},{"taxonomy":"product_tag","embeddable":true,"href":"http:\/\/www.kotikaksi.fi\/index.php?rest_route=%2Fwp%2Fv2%2Fproduct_tag&post=625"}],"curies":[{"name":"wp","href":"https:\/\/api.w.org\/{rel}","templated":true}]}}